 divide i(c)?
False
Suppose 0 = 5*h + 25, 0 = r + 4*r + 2*h - 75. Let g = r - 15. Suppose -15 = -v + 4*v, 61 = g*i - 3*v. Does 16 divide i?
False
Let t = 3747 + -1938. Is 13 a factor of t?
False
Let t(o) = 59*o**2 + 10*o - 9. Let a be t(2). Does 8 divide 38/a - 102/(-13)?
True
Suppose g + 6*g = -21. Is 2 a factor of -10*((-1)/g)/((-14)/105)?
False
Suppose 0 = 31*k - 27*k - 924. Is k a multiple of 11?
True
Suppose 13*w - 24 = w. Suppose -29 = -i + 4*a, -3*a + 0*a - 63 = -w*i. Is 10 a factor of i?
False
Let a = -581 - -1615. Is 27 a factor of a?
False
Let p(j) = -26*j + 6. Suppose 5*m - 2*z - 81 = 0, 3*m + 5*z - 45 = -m. Let i = 11 - m. Is p(i) a multiple of 29?
False
Suppose 21*u + 22865 = 16*u. Suppose 201 = -4*h - 5*f - 119, -h = 4*f + 69. Is u/h + 1/5 a multiple of 27?
True
Let p(r) = 2*r**2 - 11*r + 65. Does 25 divide p(-16)?
False
Suppose -a - 2*g = -5*g - 746, 0 = 3*a + 3*g - 2214. Is a a multiple of 29?
False
Let p(d) be the third derivative of -17*d**6/60 - d**5/30 - d**4/24 - d**3/6 + 14*d**2. Is p(-1) a multiple of 8?
True
Suppose -2*z + 203 = 2*x - 387, 12 = -3*x. Is z a multiple of 23?
True
Suppose -2*c = -4 - 20. Let v = c - -5. Is v a multiple of 7?
False
Suppose 5*m - 4 = 11. Suppose 2*k + 4*c - 26 = 0, 0 = m*k - 2*c - 2 + 3. Suppose k*z + 18 = 5*z. Is z a multiple of 3?
True
Let m(v) = -v**3 - 2*v**2 - 7. Let w be m(-3). Let y(f) = 19*f + 2*f**2 - 3*f**w - 2*f + 0*f**2 + 6. Is y(6) a multiple of 24?
True
Let x = 2 - -11. Suppose -3*z = -55 - 8. Let k = z + x. Is k a multiple of 17?
True
Suppose 113*p + 5*q - 316 = 111*p, -5*p = 5*q - 790. Does 27 divide p?
False
Let d = -77 + 2261. Is 84 a factor of d?
True
Suppose -66*r + 69*r - 1632 = 0. Does 68 divide r?
True
Is 33 a factor of 7/((-84)/(-8312)) - 4/(-12)?
True
Suppose 2*o - 8 = -2*o. Let q = o + 11. Is q a multiple of 3?
False
Is 4 - (14641/(-11) - 5) a multiple of 10?
True
Suppose 6 = -2*r + 4. Is (15 + 29)/((r + 0)*-2) a multiple of 4?
False
Let v(t) = -t**3 + 16*t**2 + 6*t + 12. Does 11 divide v(12)?
True
Suppose 2*p + 995 = r, -3*p - 628 = 2*r - 2597. Is 51 a factor of r?
False
Does 10 divide (117/(-2))/((-53)/106)?
False
Is 7 a factor of 7356/15 + 1*2/(-5)?
True
Suppose 2*x - 7*x = -15, -5*x = -5*o + 230. Let j = -33 + o. Is 2 a factor of j?
True
Suppose -5520 = -172*g + 166*g. Is 8 a factor of g?
True
Let h be 11/(-33) - 22/(-3). Suppose -20 = -8*i + h*i. Is 13 a factor of i?
False
Is 2 a factor of (2/(-4))/((-26)/24 + 1)?
True
Let d(k) = k**3 - 14*k**2 - 8*k + 49. Does 22 divide d(15)?
True
Suppose -3*k + 4 = 13. Let b(s) = 2132 - 26*s - 2132. Is b(k) a multiple of 13?
True
Let b be (-55)/11 - -1*10. Let i = -62 + 124. Suppose -b*u = -422 + i. Is u a multiple of 15?
False
Let a(l) = -l**2 + l. Let f(q) = -15*q**2 + 4*q + 4. Let z(c) = a(c) - f(c). Is 20 a factor of z(-2)?
False
Suppose 0 = -p + 1, -660 + 141 = -g - p. Does 14 divide g?
True
Is (-66)/(-15)*-6*(-30)/72 even?
False
Suppose 0*w + 2*w + 180 = 3*j, -5*j = -w - 90. Let l = w - -151. Is l a multiple of 8?
False
Let t = 33 - 26. Suppose 0 = 3*a + 5*z - 149, -4*a + 2*z = -t*a + 146. Does 12 divide a?
True
Let o(s) = s**3 - 17*s**2 + 15*s + 14. Let a be o(16). Let u be a + 2/((-8)/(-236)). Let j = -32 + u. Does 9 divide j?
False
Let t be 2*3/(12/16). Suppose f + 3*f = -t. Is (-167)/(-13) - f/13 a multiple of 10?
False
Let x(v) = v**3 + 22*v**2 + 29*v + 43. Is x(-20) a multiple of 22?
False
Let j(b) be the second derivative of b**4/12 - 5*b**3/6 + b**2/2 + 8*b. Let d be j(2). Let p(w) = -12*w + 6. Is p(d) a multiple of 11?
True
Suppose 0 = -l + 5*t + 1790, 2*l - 57*t - 3587 = -54*t. Is 19 a factor of l?
False
Suppose -2*y = 103 + 11. Let n = y + 137. Suppose 4*g = n - 28. Is g a multiple of 7?
False
Suppose -4 = -2*k + 4*w, 2*k + 5*w - 10 = -3*k. Let i be 2*-27*k/(-2). Is 27 a factor of i*(-2)/(0 - 4)?
True
Let t(g) = -2*g**2 - 3*g + 6. Let n(p) = 7*p**2 + 12*p - 25. Let h(s) = 6*n(s) + 26*t(s). Let x be h(3). Is (2 - x)*(-1)/(-2) a multiple of 31?
False
Suppose 0 = 4*j - 7*j + 6. Let x(s) = 34*s**2 + 2*s + 4. Does 11 divide x(j)?
False
Let b(m) = 6*m + 1. Let q(z) = 9*z + 1. Let d(h) = -7*b(h) + 5*q(h). Is 14 a factor of d(10)?
True
Is 35 a factor of (22/66)/(1/525)?
True
Suppose 2*k + 3*k = 20. Suppose -435 = -k*v - 159. Suppose 0 = -3*q + 3*h + 2*h + v, 3*h - 46 = -2*q. Does 23 divide q?
True
Let g be ((-3)/6)/((-3)/6). Let j be 0/g + (43 - 2). Is 10 a factor of (j - 8) + (-3)/1?
True
Suppose -3*q = -4*g + 139, 3*g + q - 73 = -3*q. Is g a multiple of 5?
False
Let y = 495 - -103. Does 31 divide y?
False
Let s(r) = 2*r**3 - 7*r - 9 + 9 - 3*r**3 + 9*r**2 + 16. Is 8 a factor of s(8)?
True
Let w(j) be the first derivative of -j**4/8 + j**3/6 + j**2 + 5. Let a(x) be the second derivative of w(x). Does 13 divide a(-18)?
False
Let b(z) = -z**3 - 22*z**2 + 116*z - 64. Is 5 a factor of b(-27)?
False
Suppose 4*v - b - 548 = 0, -2*v + b + 280 = -b. Suppose -v = 50*w - 54*w. Does 17 divide w?
True
Suppose 3*n = 5*u + 7*n - 4972, 3974 = 4*u + 2*n. Is u a multiple of 49?
False
Let i = 1567 - 847. Is 18 a factor of i?
True
Suppose b + t - 42 = 44, 5*b - 4*t - 439 = 0. Let x = b - 65. Is x a multiple of 11?
True
Does 28 divide 3*4580/15 - -8?
True
Suppose 33*d - 19*d - 2114 = 0. Is 12 a factor of d?
False
Let l(z) = -z**2 + z - 8. Let b be l(8). Let r be (-81)/4*b/12. Suppose p + 0*p - w = 61, r = 2*p + 5*w. Is 19 a factor of p?
False
Let t(b) = 8*b - 2. Let d be t(-2). Does 7 divide (-4)/(-18) - 158/d?
False
Let r(p) be the third derivative of p**6/120 - 7*p**5/60 + p**4/3 - 3*p**3/2 - 2*p**2. Let a be r(6). Suppose -a*t = -0*t - 27. Is t a multiple of 4?
False
Suppose 0 = 2*z + z - 3*t - 15, -z - 13 = 5*t. Let c(v) = 2*v**3 + v**2 + v + 2. Does 4 divide c(z)?
True
Suppose -4*k + 1151 = 5*j, 2*k - 302 = j + 291. Is 21 a factor of k?
True
Does 10 divide ((-4)/(-10))/(28/1260)?
False
Is (5 - 1) + (68 - 0) a multiple of 8?
True
Is ((-624)/(-18))/(5/((-315)/(-6))) a multiple of 28?
True
Let q(h) = -h**3 + 9*h**2 - 5*h - 4. Let m = 13 - 8. Suppose -5*c = -6*j + j + 5, -40 = -m*c - 4*j. Is 16 a factor of q(c)?
False
Suppose -s = 4*s. Let n be s + 6/(-2) + 8. Let l(t) = 2*t + 2. Is 7 a factor of l(n)?
False
Is -1 - (-12)/14 - 12624/(-21) a multiple of 9?
False
Let w(j) = -226*j + 5*j**2 - 18 + 217*j + 0*j**2. Does 14 divide w(-4)?
True
Let h(p) be the second derivative of -7*p**3 - 9*p**2/2 + 6*p. Does 23 divide h(-2)?
False
Suppose 0 = 3*m + 3*c - 12, -4*c = -7*c - 15. Suppose -p - m = -z - 3*p, 4*z = -2*p + 66. Is 19 a factor of z?
True
Let m(d) = -d**3 + 2*d**2 - d - 12. Does 18 divide m(-6)?
False
Let o(s) = 5*s**2 + 55*s + 13. Is 2 a factor of o(-12)?
False
Suppose 29*i - 11088 = -4*i. Does 30 divide i?
False
Let a = -657 - -955. Is 2 a factor of a?
True
Let r(z) = 15*z**2 + 26*z + 23. Is r(-8) a multiple of 31?
True
Let p(d) = 7 - 7 + d - 3 - 9. Let s be p(7). Does 23 divide (-4 - s)/(1/69)?
True
Suppose 5*w = -3*d + 63, 0 = 3*w + 2*w + 4*d - 64. Suppose 2664 = w*c + 360. Is 24 a factor of c?
True
Suppose 5*l - 16 = 4*l. Let i = 13 - l. Does 14 divide i/(-2) - (-106)/4?
True
Let m(b) = -2*b + 37. Let o be m(20). Is 18 a factor of (-4550)/(-21) + 2/o?
True
Let p(k) = k**3 + 6*k**2 - 9*k - 1. Let v be p(-6). Suppose 5*w = -v - 7. Let i = w + 20. Is i a multiple of 6?
False
Let g be -8 + (-9)/((-15)/5). Let d(r) = -r**2 - 9*r + 5. Does 5 divide d(g)?
True
Let y be 64/10 - 4/10. Suppose 2*q - 50 = -y. Let z = q + -9. Does 6 divide z?
False
Suppose 40*g = 35*g + 325. Is 7 a factor of g?
False
Let v(q) = -2*q**3 + 11*q + 1119. Does 34 divide v(0)?
False
Is 23 a factor of (-7)/84 + (-5354)/(-24)?
False
Let m be (-2)/6 - (-372)/9. Suppose 0 = -4*o - 4*c - c + m, -3*o + 5*c - 13 = 0. Suppose o*s - 40 = -s. Does 3 divide s?
False
Suppose -6*t - 27 = -9*t. Let r be 3/t - (-2)/(-6). Does 21 divide (-3 - r/1) + 24?
True
Suppose h = -0*h - 3*t + 25, -31 = -h - 5*t. Suppose 0 = -3*r - r + h. Is r a multiple of 4?
True
Let i be ((-253)/(-33))/(2/6). Let h = i + -8. Does 3 divide h?
True
Suppose 5*l + 0*l - 410 = 0. Let y = l - 22. Is 15 a factor of y?
True
Suppose 2*b - 4 + 4 = 0. Suppose b = s + 4*s - 115. Is 5 a factor of s?
False
Let p(i) = -6*i**2 - 21*i - 15. Let w be p(-6). Let d = -49 - w. Is 8 a factor of d?
True
Suppose 0 = 7*h -